{"id":78,"date":"2024-02-11T06:48:10","date_gmt":"2024-02-11T06:48:10","guid":{"rendered":"https:\/\/tus-schwarzenau.de\/?page_id=78"},"modified":"2025-02-11T09:33:01","modified_gmt":"2025-02-11T09:33:01","slug":"teakwondo","status":"publish","type":"page","link":"https:\/\/tus-schwarzenau.de\/?page_id=78","title":{"rendered":"Teakwondo"},"content":{"rendered":"\n<p>Taekwondo ist eine koreanische Kampfsportart.<\/p>\n\n\n\n<p>Der Name steht f\u00fcr Fu\u00dftechnik (Tae), Handtechnik (Kwon) und Die Kunst oder Der Weg (Do).  Im Vergleich zu anderen Asiatischen Kampfsportarten wird der Fokus auf Dynamik, Schnelligkeit und die Fu\u00dftechnik gelegt. <\/p>\n\n\n\n<p>Aktuell trainieren in Schwarzenau 35 Aktive im Alter von 6 bis 65 Jahren. Zus\u00e4tzlich zum Training und Gurtpr\u00fcfungen nehmen wir regelm\u00e4\u00dfig an unterschiedlichen Wettk\u00e4mpfen teil.<\/p>\n\n\n\n<p>Trainingszeiten:<br>Mittwochs 18:00 -19:30 Uhr<br>Freitags 18:00 \u2013 19:30 Uhr<br>\u00dcbungsleiter:<br>Andreas Koch<br>Eugen Schwarz<\/p>\n\n\n\n<p>Interessierte sind jederzeit herzlich zum Probetraining eingeladen oder aber k\u00f6nnen bei einem Probeabend unverbindlich zuschauen.<\/p>\n\n\n\n<p><br><br><\/p>\n\n\n\n<figure class=\"wp-block-gallery has-nested-images columns-default is-cropped wp-block-gallery-1 is-layout-flex wp-block-gallery-is-layout-flex\">\n<figure class=\"wp-block-image size-large\"><img loading=\"lazy\" decoding=\"async\" width=\"960\" height=\"720\" data-id=\"59\" src=\"https:\/\/tus-schwarzenau.de\/wp-content\/uploads\/2024\/01\/51645258_2302630166492870_6217219358599413760_n.jpg\" alt=\"\" class=\"wp-image-59\" srcset=\"https:\/\/tus-schwarzenau.de\/wp-content\/uploads\/2024\/01\/51645258_2302630166492870_6217219358599413760_n.jpg 960w, https:\/\/tus-schwarzenau.de\/wp-content\/uploads\/2024\/01\/51645258_2302630166492870_6217219358599413760_n-600x450.jpg 600w, https:\/\/tus-schwarzenau.de\/wp-content\/uploads\/2024\/01\/51645258_2302630166492870_6217219358599413760_n-300x225.jpg 300w, https:\/\/tus-schwarzenau.de\/wp-content\/uploads\/2024\/01\/51645258_2302630166492870_6217219358599413760_n-768x576.jpg 768w\" sizes=\"(max-width: 960px) 100vw, 960px\" \/><\/figure>\n\n\n\n<figure class=\"wp-block-image size-large\"><img loading=\"lazy\" decoding=\"async\" width=\"960\" height=\"720\" data-id=\"58\" src=\"https:\/\/tus-schwarzenau.de\/wp-content\/uploads\/2024\/01\/51581972_2302627339826486_3379232821989081088_n.jpg\" alt=\"\" class=\"wp-image-58\" srcset=\"https:\/\/tus-schwarzenau.de\/wp-content\/uploads\/2024\/01\/51581972_2302627339826486_3379232821989081088_n.jpg 960w, https:\/\/tus-schwarzenau.de\/wp-content\/uploads\/2024\/01\/51581972_2302627339826486_3379232821989081088_n-600x450.jpg 600w, https:\/\/tus-schwarzenau.de\/wp-content\/uploads\/2024\/01\/51581972_2302627339826486_3379232821989081088_n-300x225.jpg 300w, https:\/\/tus-schwarzenau.de\/wp-content\/uploads\/2024\/01\/51581972_2302627339826486_3379232821989081088_n-768x576.jpg 768w\" sizes=\"(max-width: 960px) 100vw, 960px\" \/><\/figure>\n\n\n\n<figure class=\"wp-block-image size-large\"><img loading=\"lazy\" decoding=\"async\" width=\"1024\" height=\"768\" data-id=\"39\" src=\"https:\/\/tus-schwarzenau.de\/wp-content\/uploads\/2024\/01\/16707294_1315011678588062_1891884989138192938_o-1024x768.jpg\" alt=\"\" class=\"wp-image-39\" srcset=\"https:\/\/tus-schwarzenau.de\/wp-content\/uploads\/2024\/01\/16707294_1315011678588062_1891884989138192938_o-1024x768.jpg 1024w, https:\/\/tus-schwarzenau.de\/wp-content\/uploads\/2024\/01\/16707294_1315011678588062_1891884989138192938_o-600x450.jpg 600w, https:\/\/tus-schwarzenau.de\/wp-content\/uploads\/2024\/01\/16707294_1315011678588062_1891884989138192938_o-300x225.jpg 300w, https:\/\/tus-schwarzenau.de\/wp-content\/uploads\/2024\/01\/16707294_1315011678588062_1891884989138192938_o-768x576.jpg 768w, https:\/\/tus-schwarzenau.de\/wp-content\/uploads\/2024\/01\/16707294_1315011678588062_1891884989138192938_o-1536x1152.jpg 1536w, https:\/\/tus-schwarzenau.de\/wp-content\/uploads\/2024\/01\/16707294_1315011678588062_1891884989138192938_o.jpg 2048w\" sizes=\"(max-width: 1024px) 100vw, 1024px\" \/><\/figure>\n\n\n\n<figure class=\"wp-block-image size-large\"><img loading=\"lazy\" decoding=\"async\" width=\"1024\" height=\"768\" data-id=\"40\" src=\"https:\/\/tus-schwarzenau.de\/wp-content\/uploads\/2024\/01\/16722649_1315011505254746_8935918378762260745_o-1024x768.jpg\" alt=\"\" class=\"wp-image-40\" srcset=\"https:\/\/tus-schwarzenau.de\/wp-content\/uploads\/2024\/01\/16722649_1315011505254746_8935918378762260745_o-1024x768.jpg 1024w, https:\/\/tus-schwarzenau.de\/wp-content\/uploads\/2024\/01\/16722649_1315011505254746_8935918378762260745_o-600x450.jpg 600w, https:\/\/tus-schwarzenau.de\/wp-content\/uploads\/2024\/01\/16722649_1315011505254746_8935918378762260745_o-300x225.jpg 300w, https:\/\/tus-schwarzenau.de\/wp-content\/uploads\/2024\/01\/16722649_1315011505254746_8935918378762260745_o-768x576.jpg 768w, https:\/\/tus-schwarzenau.de\/wp-content\/uploads\/2024\/01\/16722649_1315011505254746_8935918378762260745_o-1536x1152.jpg 1536w, https:\/\/tus-schwarzenau.de\/wp-content\/uploads\/2024\/01\/16722649_1315011505254746_8935918378762260745_o.jpg 2048w\" sizes=\"(max-width: 1024px) 100vw, 1024px\" \/><\/figure>\n<\/figure>\n","protected":false},"excerpt":{"rendered":"<p>Taekwondo ist eine koreanische Kampfsportart. Der Name steht f\u00fcr Fu\u00dftechnik (Tae), Handtechnik (Kwon) und Die Kunst oder Der Weg (Do). Im Vergleich zu anderen Asiatischen Kampfsportarten wird der Fokus auf Dynamik, Schnelligkeit und die Fu\u00dftechnik gelegt. Aktuell trainieren in Schwarzenau 35 Aktive im Alter von 6 bis 65 Jahren. Zus\u00e4tzlich zum Training und Gurtpr\u00fcfungen nehmen &hellip; <\/p>\n","protected":false},"author":1,"featured_media":0,"parent":0,"menu_order":0,"comment_status":"closed","ping_status":"closed","template":"","meta":{"footnotes":""},"class_list":["post-78","page","type-page","status-publish","hentry","latest_post"],"_links":{"self":[{"href":"https:\/\/tus-schwarzenau.de\/index.php?rest_route=\/wp\/v2\/pages\/78"}],"collection":[{"href":"https:\/\/tus-schwarzenau.de\/index.php?rest_route=\/wp\/v2\/pages"}],"about":[{"href":"https:\/\/tus-schwarzenau.de\/index.php?rest_route=\/wp\/v2\/types\/page"}],"author":[{"embeddable":true,"href":"https:\/\/tus-schwarzenau.de\/index.php?rest_route=\/wp\/v2\/users\/1"}],"replies":[{"embeddable":true,"href":"https:\/\/tus-schwarzenau.de\/index.php?rest_route=%2Fwp%2Fv2%2Fcomments&post=78"}],"version-history":[{"count":4,"href":"https:\/\/tus-schwarzenau.de\/index.php?rest_route=\/wp\/v2\/pages\/78\/revisions"}],"predecessor-version":[{"id":314,"href":"https:\/\/tus-schwarzenau.de\/index.php?rest_route=\/wp\/v2\/pages\/78\/revisions\/314"}],"wp:attachment":[{"href":"https:\/\/tus-schwarzenau.de\/index.php?rest_route=%2Fwp%2Fv2%2Fmedia&parent=78"}],"curies":[{"name":"wp","href":"https:\/\/api.w.org\/{rel}","templated":true}]}}

<p>Taekwondo ist eine koreanische Kampfsportart.</p>



<p>Der Name steht für Fußtechnik (Tae), Handtechnik (Kwon) und Die Kunst oder Der Weg (Do).  Im Vergleich zu anderen Asiatischen Kampfsportarten wird der Fokus auf Dynamik, Schnelligkeit und die Fußtechnik gelegt. </p>



<p>Aktuell trainieren in Schwarzenau 35 Aktive im Alter von 6 bis 65 Jahren. Zusätzlich zum Training und Gurtprüfungen nehmen wir regelmäßig an unterschiedlichen Wettkämpfen teil.</p>



<p>Trainingszeiten:<br>Mittwochs 18:00 -19:30 Uhr<br>Freitags 18:00 – 19:30 Uhr<br>Übungsleiter:<br>Andreas Koch<br>Eugen Schwarz</p>



<p>Interessierte sind jederzeit herzlich zum Probetraining eingeladen oder aber können bei einem Probeabend unverbindlich zuschauen.</p>



<p><br><br></p>



<figure class="wp-block-gallery has-nested-images columns-default is-cropped wp-block-gallery-1 is-layout-flex wp-block-gallery-is-layout-flex">
<figure class="wp-block-image size-large"><img loading="lazy" decoding="async" width="960" height="720" data-id="59" src="https://tus-schwarzenau.de/wp-content/uploads/2024/01/51645258_2302630166492870_6217219358599413760_n.jpg" alt="" class="wp-image-59" srcset="https://tus-schwarzenau.de/wp-content/uploads/2024/01/51645258_2302630166492870_6217219358599413760_n.jpg 960w, https://tus-schwarzenau.de/wp-content/uploads/2024/01/51645258_2302630166492870_6217219358599413760_n-600x450.jpg 600w, https://tus-schwarzenau.de/wp-content/uploads/2024/01/51645258_2302630166492870_6217219358599413760_n-300x225.jpg 300w, https://tus-schwarzenau.de/wp-content/uploads/2024/01/51645258_2302630166492870_6217219358599413760_n-768x576.jpg 768w" sizes="(max-width: 960px) 100vw, 960px" /></figure>



<figure class="wp-block-image size-large"><img loading="lazy" decoding="async" width="960" height="720" data-id="58" src="https://tus-schwarzenau.de/wp-content/uploads/2024/01/51581972_2302627339826486_3379232821989081088_n.jpg" alt="" class="wp-image-58" srcset="https://tus-schwarzenau.de/wp-content/uploads/2024/01/51581972_2302627339826486_3379232821989081088_n.jpg 960w, https://tus-schwarzenau.de/wp-content/uploads/2024/01/51581972_2302627339826486_3379232821989081088_n-600x450.jpg 600w, https://tus-schwarzenau.de/wp-content/uploads/2024/01/51581972_2302627339826486_3379232821989081088_n-300x225.jpg 300w, https://tus-schwarzenau.de/wp-content/uploads/2024/01/51581972_2302627339826486_3379232821989081088_n-768x576.jpg 768w" sizes="(max-width: 960px) 100vw, 960px" /></figure>



<figure class="wp-block-image size-large"><img loading="lazy" decoding="async" width="1024" height="768" data-id="39" src="https://tus-schwarzenau.de/wp-content/uploads/2024/01/16707294_1315011678588062_1891884989138192938_o-1024x768.jpg" alt="" class="wp-image-39" srcset="https://tus-schwarzenau.de/wp-content/uploads/2024/01/16707294_1315011678588062_1891884989138192938_o-1024x768.jpg 1024w, https://tus-schwarzenau.de/wp-content/uploads/2024/01/16707294_1315011678588062_1891884989138192938_o-600x450.jpg 600w, https://tus-schwarzenau.de/wp-content/uploads/2024/01/16707294_1315011678588062_1891884989138192938_o-300x225.jpg 300w, https://tus-schwarzenau.de/wp-content/uploads/2024/01/16707294_1315011678588062_1891884989138192938_o-768x576.jpg 768w, https://tus-schwarzenau.de/wp-content/uploads/2024/01/16707294_1315011678588062_1891884989138192938_o-1536x1152.jpg 1536w, https://tus-schwarzenau.de/wp-content/uploads/2024/01/16707294_1315011678588062_1891884989138192938_o.jpg 2048w" sizes="(max-width: 1024px) 100vw, 1024px" /></figure>



<figure class="wp-block-image size-large"><img loading="lazy" decoding="async" width="1024" height="768" data-id="40" src="https://tus-schwarzenau.de/wp-content/uploads/2024/01/16722649_1315011505254746_8935918378762260745_o-1024x768.jpg" alt="" class="wp-image-40" srcset="https://tus-schwarzenau.de/wp-content/uploads/2024/01/16722649_1315011505254746_8935918378762260745_o-1024x768.jpg 1024w, https://tus-schwarzenau.de/wp-content/uploads/2024/01/16722649_1315011505254746_8935918378762260745_o-600x450.jpg 600w, https://tus-schwarzenau.de/wp-content/uploads/2024/01/16722649_1315011505254746_8935918378762260745_o-300x225.jpg 300w, https://tus-schwarzenau.de/wp-content/uploads/2024/01/16722649_1315011505254746_8935918378762260745_o-768x576.jpg 768w, https://tus-schwarzenau.de/wp-content/uploads/2024/01/16722649_1315011505254746_8935918378762260745_o-1536x1152.jpg 1536w, https://tus-schwarzenau.de/wp-content/uploads/2024/01/16722649_1315011505254746_8935918378762260745_o.jpg 2048w" sizes="(max-width: 1024px) 100vw, 1024px" /></figure>
</figure>

<p>Taekwondo ist eine koreanische Kampfsportart. Der Name steht für Fußtechnik (Tae), Handtechnik (Kwon) und Die Kunst oder Der Weg (Do). Im Vergleich zu anderen Asiatischen Kampfsportarten wird der Fokus auf Dynamik, Schnelligkeit und die Fußtechnik gelegt. Aktuell trainieren in Schwarzenau 35 Aktive im Alter von 6 bis 65 Jahren. Zusätzlich zum Training und Gurtprüfungen nehmen &hellip; </p>
